*c. Let b be g(2). Let y be (-232)/(-87)*(1 + 14/4). Calculate the highest common factor of b and y.
4
Suppose 3*r = -5*n + 30, -3*n + n - 9 = -3*r. Let d(m) = m**3 - 6*m + 9. Let s be d(n). What is the highest common factor of 12 and s?
6
Let z = 0 - -119. Let a be (-1)/2*(-4 + 38). Let p = 0 - a. What is the greatest common factor of p and z?
17
Suppose -l = -2*l + 666. Suppose -5*b = 166 - l. Let a = 3314 + -3294. What is the greatest common factor of b and a?
20
Suppose 171*g - 4956 = 143*g. What is the highest common divisor of 649 and g?
59
Let n = 494 - 230. Let x = -27 + 17. Let h be (-2)/(-5) + (-236)/x. What is the greatest common factor of h and n?
24
Let c(n) = -39*n**3 + n**2 + 2*n + 2. Let a be c(-1). What is the highest common factor of 440 and a?
40
Let o(r) be the second derivative of 4*r**3/3 - 7*r**2/2 - 7*r. Let m be o(3). Calculate the highest common divisor of 119 and m.
17
Suppose 5*x - 3*l = 9*x - 45, 3*l + 3 = 0. Suppose -3*t + 3*f + 576 = 0, -3*t + 340 = 4*f - 236. What is the greatest common divisor of t and x?
12
Let f(j) = -3 - 8*j - 3*j + 2 + 0*j. Let h be f(-1). Let z(s) = s**3 - 4*s**2 - 8*s + 1. Let y be z(6). What is the greatest common divisor of h and y?
5
Suppose -20*s = -23*s + 246. Suppose 5*t = 4*t + 205. What is the highest common factor of s and t?
41
Let y = -955 + 963. Calculate the greatest common factor of 280 and y.
8
Let o be 8/2 + 5 + -3. Suppose 27*t + o = 30*t. Calculate the greatest common divisor of t and 16.
2
Let c(o) be the second derivative of 4*o**2 + 0 - 4*o - 1/6*o**3. Let a be c(5). Calculate the highest common divisor of 6 and a.
3
Suppose 2*f = 5*b - 12, 0*b + 5*f = 2*b + 12. Suppose -o = b*d + 8, 2*o + 5*d + 1 = -3. Calculate the greatest common divisor of o and 2.
2
Let c(f) = -10*f - 11. Let w(m) = 39*m + 43. Let y(i) = 9*c(i) + 2*w(i). Let p be y(-13). Calculate the highest common divisor of p and 13.
13
Suppose 3*a = 4*a - 1, 0 = -l + 3*a - 12. Let d be (-88)/l + -2*4/(-36). What is the greatest common factor of 30 and d?
10
Let o = 2 + -2. Let l = 42 - 39. Suppose 5*v + l*q - 375 = 0, 3*v + o*q - 4*q - 196 = 0. What is the highest common divisor of v and 18?
18
Let s(y) = 3*y - 13. Let t be s(6). Suppose t*j + 10 - 85 = 0. What is the greatest common divisor of 15 and j?
15
Suppose j - 144 = 157. Suppose 129 = 9*h - 6*h. What is the greatest common factor of j and h?
43
Suppose -2*h + 179 = 3*h - 4*a, -5*h = 5*a - 170. What is the highest common divisor of 10 and h?
5
Let s(x) = -2*x - 2*x - 10 + 8*x**2 + 10*x**2 - 13*x**2 + x**3. Let m be s(-4). Calculate the greatest common divisor of 44 and m.
22
Let f(a) = 3*a**2 - 36*a + 303. Let r be f(19). What is the greatest common factor of r and 216?
54
Let g be 234/(-4)*13/(429/(-22)). Calculate the greatest common divisor of 78 and g.
39
Let b(m) be the first derivative of m**4/4 + 2*m**3 - 7*m**2/2 + 10*m - 1. Let c be b(-7). What is the highest common divisor of c and 2?
2
Let b = 249 + -230. Calculate the highest common factor of 323 and b.
19
Let r = 136 + -70. Let b(n) = 198*n - 231. Let z be b(2). Calculate the greatest common factor of z and r.
33
Let o(b) = -b**2 + 11*b - 5. Let f be o(9). Suppose -f*c - 3*c = -96. What is the greatest common divisor of 15 and c?
3
Suppose -t + 2*k - 5 = 0, 0 = -0*k + k + 4. Let g = t - -52. What is the greatest common divisor of 13 and g?
13
Suppose -2*d - 61 + 197 = -2*b, d = -2*b - 121. Let l = b - -66. Calculate the greatest common factor of 12 and l.
3
Suppose -3*r = 5*c + 2*r + 10, 5*c - 5*r = 0. Let x be c/(-1) + (-221)/(-13). Suppose x + 54 = 3*m. Calculate the greatest common divisor of 3 and m.
3
Let p(z) = z + 20. Suppose 0 = 4*u - 51 + 3. Let w be p(u). Calculate the greatest common factor of w and 48.
16
Suppose 0*g = 6*g - 384. Suppose -5*u + g = -41. Calculate the highest common divisor of u and 3.
3
Let o = -418 + 738. Let s be 150/9*(8 + (-280)/50). What is the highest common divisor of o and s?
40
Let l = -171 + 180. Suppose -6 + 2 = -f. Suppose 5*v - 89 = -z, 5*v = f*z - z - 307. What is the greatest common factor of l and z?
9
Let s(k) = 2*k**3 + 5*k**2 - 4*k - 10. Let q be s(-2). Suppose -m + 30 = -3*l, -62 = -3*m + 4*l - q*l. Calculate the highest common divisor of 9 and m.
9
Let a(j) = j**3 - 42*j**2 + 77*j + 135. Let f be a(40). Suppose -7*s + 3*s + 300 = 0. Calculate the highest common factor of s and f.
15
Suppose 121 = 5*d - 1719. What is the highest common divisor of 23 and d?
23
Let l = 49 + -49. Let i(a) be the third derivative of -a**6/120 + 10*a**3/3 + 2*a**2. Let x be i(l). What is the greatest common factor of x and 4?
4
Let v be (-1 - 0 - -24) + -2. Let u = v - 19. Suppose 6*d = u*d + 52. Calculate the highest common divisor of d and 13.
13
Let o(w) = w**2 - 2*w - 1. Let v be o(-1). Let u be v + 4*(0 - -5). Let y = 10147 + -10125. Calculate the greatest common divisor of u and y.
22
Suppose 2*p = 5*p - 2*d - 61, 3*d = -4*p + 70. Let r(m) = -17 + p*m - 5*m**2 - m**2 + 7*m**2. Let u be r(-20). What is the greatest common divisor of u and 1?
1
Suppose 3*l - 4*l + 46 = 0. Suppose -17 = -4*o - 4*g + 15, -l = -5*o - 3*g. Let k = 227 - 128. Calculate the greatest common factor of k and o.
11
Let d(v) = v**2. Let t(p) = 20*p**2 - 2*p - 2. Let j(x) = -5*d(x) + t(x). Let q be j(-1). Calculate the highest common divisor of q and 105.
15
Suppose 271 = 2*z - r, z + 2*r + 21 = 159. What is the highest common divisor of z and 32?
8
Let r = 3206 + -2270. Calculate the highest common divisor of r and 26.
26
Suppose 12 = z + 5*h, -2*z - 16*h = -13*h - 17. Calculate the highest common factor of z and 343.
7
Let v(g) = g - 2 + 0*g + 2 - 2. Let o be v(0). Let q be -7*(-20*1 + o). What is the highest common divisor of 14 and q?
14
Let d(j) = -2*j**3 + 4*j**2 - j - 17. Let h be d(-5). What is the highest common divisor of 52 and h?
26
Let u(n) = -16*n + 376. Let a be u(0). What is the greatest common factor of 8 and a?
8
Let o be (-1940)/(-30) + 2/(-3). Let r = o - 61. What is the highest common divisor of r and 3?
3
Let r be (-1 + (0 - 0))*-1. Let c = r + 2. Suppose x - c - 42 = 0. Calculate the greatest common factor of x and 18.
9
Suppose 0 = -2*v - 8, 4*v - 3*v = -x + 37. Calculate the highest common factor of x and 369.
41
Let i be ((2 - 2 - 1)*0)/(-2). Suppose 6*d - 138 = -i*d. What is the greatest common factor of 207 and d?
23
Let x = 41 - 39. Suppose -x*r - 80 = -3*r. Calculate the highest common factor of r and 16.
16
Let n = -98 + 159. Suppose -6*v + n = 5*q - 2*v, -q + 17 = 2*v. Let a(u) = -80*u**3 + u**2. Let b be a(-1). Calculate the highest common factor of q and b.
9
Let q be (-10)/(-30) + 11/3. Suppose c + 5*n + 12 = q*c, -2*c = -5*n - 13. Let j be (12/(-16))/(c/24). What is the highest common divisor of 36 and j?
18
Let q(c) = c**3 - c**2 - 2*c. Let l be q(3). What is the highest common factor of l and 108?
12
Let u = 24 + -33. Let w = u + 11. What is the greatest common factor of w and 20?
2
Let s = 250 + -214. Calculate the highest common factor of 252 and s.
36
Suppose -5*f = -3*h + 480, -3*f + 0*f = -h + 156. Let x be (-2)/9 + (-29)/(-9). Let o = 18 - x. Calculate the greatest common factor of h and o.
15
Let c be (963/(-36) + 2/(-8))*-9. Calculate the greatest common factor of 81 and c.
81
Suppose 4*h - 47 = t, -4*h + 0*t = 5*t - 77. Calculate the greatest common factor of h and 13.
13
Let b = 255 - 136. Suppose 0 = h - 3, 0*r - 53 = -4*r + 5*h. Calculate the highest common divisor of r and b.
17
Suppose -5*a - 20 = 0, -5*a - 284 = y - 3*y. What is the highest common factor of y and 220?
44
Let l = 36 + -24. Let z be (-3)/1*l/36. Let x be z - (-60)/4 - -1. Calculate the greatest common factor of 30 and x.
15
Let l(y) = 5*y**2 - 437 - 11*y + 437. Let r be l(3). Calculate the greatest common factor of 132 and r.
12
Suppose -2*j + 5*i = -1551, -2*j = -5*j - 5*i + 2289. Calculate the greatest common divisor of 12 and j.
12
Let k be (324/1134)/((-1)/(-49)). Calculate the highest common divisor of k and 938.
14
Let x(r) = -r**3 + 6*r**2 + 3*r - 15. Let k be x(6). Let t be (2/k)/(9/162). What is the highest common divisor of 3 and t?
3
Let i(q) = q**2 + 4*q - 95. Let h be i(-13). What is the greatest common divisor of h and 429?
11
Let q(l) = -2*l**3 + 2*l